s 1000221011 (base 3) in base 2?
100111110001010
What is -303311 (base 4) in base 14?
-12cd
Convert -1983 (base 12) to base 14.
-11d1
What is 1c75 (base 15) in base 7?
24014
What is -86283 (base 9) in base 6?
-1120203
What is 4302231 (base 5) in base 15?
165cb
What is 1727 (base 8) in base 5?
12413
What is 9088 (base 14) in base 5?
1243231
Convert 3849 (base 15) to base 16.
2eda
-15306 (base 8) to base 13
-3173
Convert 26675 (base 10) to base 14.
9a15
What is -1402 (base 10) in base 7?
-4042
Convert -4829 (base 10) to base 16.
-12dd
Convert 37a (base 14) to base 2.
1010111000
What is -205 (base 11) in base 15?
-117
What is 13321 (base 4) in base 13?
2cb
-11000111000 (base 2) to base 4
-120320
3102021 (base 4) to base 8
32211
111121012 (base 3) to base 12
58a2
Convert -4455 (base 6) to base 15.
-498
1132102 (base 4) to base 7
23410
36766 (base 12) to base 9
122036
Convert -215 (base 10) to base 14.
-115
ec (base 16) to base 13
152
Convert 100000022 (base 3) to base 6.
50225
-bb3 (base 14) to base 15
-a43
-12132 (base 5) to base 8
-1625
What is -1174 (base 10) in base 14?
-5dc
What is -179a6 (base 11) in base 12?
-1268b
Convert 100 (base 15) to base 11.
195
Convert -9 (base 12) to base 7.
-12
What is 4114004 (base 5) in base 13?
244cc
Convert aa1 (base 13) to base 10.
1821
-3272 (base 8) to base 16
-6ba
-107c (base 16) to base 2
-1000001111100
Convert -12110222 (base 3) to base 12.
-238b
Convert 10001110 (base 2) to base 8.
216
147 (base 13) to base 12
170
23001 (base 5) to base 2
11001011010
-1375 (base 10) to base 12
-967
-222102 (base 4) to base 6
-20310
716 (base 8) to base 16
1ce
599 (base 11) to base 10
713
What is -1320301 (base 4) in base 9?
-11537
What is -b87 (base 15) in base 10?
-2602
What is -46213 (base 7) in base 3?
-121010221
Convert 21220021 (base 3) to base 2.
1011001111110
Convert 118 (base 14) to base 16.
da
What is 4c4 (base 14) in base 8?
1674
Convert -453 (base 6) to base 3.
-20120
What is -1110111110111 (base 2) in base 3?
-101112010
Convert -100110011011110 (base 2) to base 15.
-5c6d
Convert -4805 (base 11) to base 5.
-200142
13141 (base 6) to base 15
8da
-6105 (base 8) to base 5
-100031
Convert -11b0 (base 15) to base 13.
-1938
What is 16402 (base 7) in base 4?
1020301
What is -22b (base 13) in base 7?
-1044
Convert -14666 (base 8) to base 7.
-25122
What is 4505 (base 6) in base 12?
735
609 (base 15) to base 13
807
Convert 782 (base 10) to base 4.
30032
11022120 (base 3) to base 15
dec
-1004243 (base 5) to base 15
-4bed
Convert 16708 (base 11) to base 14.
87b4
What is -1003 (base 9) in base 13?
-444
What is -124151 (base 6) in base 4?
-2300203
Convert -1110 (base 3) to base 4.
-213
What is 10161 (base 9) in base 7?
25345
What is -1303130 (base 4) in base 15?
-22c8
-121101211 (base 3) to base 8
-27264
Convert -292 (base 12) to base 11.
-332
What is 1011201 (base 3) in base 7?
2332
-a687 (base 13) to base 9
-34611
-121021210 (base 3) to base 14
-4482
Convert -10002210 (base 3) to base 16.
-8d6
What is 12201 (base 3) in base 4?
2122
What is -1012113 (base 4) in base 7?
-16062
Convert 10001100000000 (base 2) to base 8.
21400
What is -1253 (base 9) in base 15?
-429
Convert -13303003 (base 4) to base 2.
-111110011000011
-143 (base 9) to base 11
-aa
-18a41 (base 12) to base 10
-36049
-10176 (base 12) to base 14
-78dc
31a (base 11) to base 14
1d6
3302 (base 5) to base 4
13010
3612 (base 11) to base 7
16540
What is -762 (base 13) in base 9?
-1653
What is -24204 (base 5) in base 15?
-804
2110 (base 6) to base 3
122120
What is -1247 (base 12) in base 14?
-a7d
What is -20642 (base 8) in base 14?
-31d0
What is -3d85 (base 15) in base 8?
-31567
399 (base 10) to base 16
18f
What is -10cd9 (base 14) in base 16?
-9fff
What is 100100 (base 2) in base 6?
100
Convert -2626 (base 8) to base 15.
-655
Convert 375 (base 15) to base 11.
654
Convert 11332 (base 6) to base 13.
992
What is 51454 (base 6) in base 15?
2084
-a7 (base 11) to base 16
-75
What is ba (base 12) in base 8?
216
-42514 (base 6) to base 4
-1122232
1020011100 (base 3) to base 7
130323
What is -1660a (base 11) in base 6?
-300055
-1263 (base 10) to base 2
-10011101111
Convert 79c (base 13) to base 11.
a93
What is 470 (base 8) in base 6?
1240
What is 184 (base 10) in base 2?
10111000
Convert -519a (base 15) to base 4.
-10031131
What is 12460 (base 7) in base 4?
303331
2388 (base 10) to base 14
c28
Convert 78 (base 16) to base 13.
93
82b (base 14) to base 3
2012112
What is 131a3 (base 13) in base 5?
2113304
3150 (base 8) to base 5
23030
-2657 (base 11) to base 2
-110101111010
Convert 47 (base 14) to base 11.
58
Convert -39478 (base 11) to base 13.
-1c91c
Convert c91 (base 13) to base 12.
12aa
11432 (base 6) to base 7
4613
What is -1917 (base 12) in base 15?
-d7d
Convert -4371 (base 9) to base 11.
-2470
Convert -345 (base 16) to base 5.
-11322
Convert 1411 (base 5) to base 13.
14a
Convert 24423 (base 5) to base 16.
747
What is 2704 (base 9) in base 12?
1211
Convert -3b4 (base 14) to base 2.
-1011101010
Convert -100011011 (base 2) to base 12.
-1b7
Convert -1794 (base 11) to base 5.
-33111
Convert 576 (base 10) to base 6.
2400
What is 115c6 (base 15) in base 5?
3232221
-21201 (base 3) to base 4
-3100
Convert 102220 (base 4) to base 11.
994
What is -1159 (base 12) in base 11?
-1505
Convert -1001011 (base 4) to base 6.
-31141
Convert -44655 (base 7) to base 8.
-26056
Convert bb27 (base 13) to base 10.
26059
101011000010 (base 2) to base 4
223002
-22124 (base 11) to base 14
-b9a3
What is -324 (base 5) in base 8?
-131
Convert 9190 (base 12) to base 9.
23610
-2631 (base 13) to base 16
-1548
-231313 (base 4) to base 15
-d0a
Convert -335 (base 13) to base 16.
-227
3501 (base 11) to base 8
10767
Convert 2130 (base 8) to base 15.
4e2
Convert 10448 (base 13) to base 3.
1111012002
Convert -133 (base 8) to base 2.
-1011011
Convert 1414222 (base 5) to base 11.
20028
What is 201111 (base 3) in base 2?
1000001110
Convert a8cb (base 16) to base 2.
1010100011001011
11303302 (base 4) to base 7
126241
Convert 20101012 (base 3) to base 9.
6335
Convert -1557 (base 11) to base 8.
-3716
What is a76 (base 14) in base 9?
2743
What is 1361 (base 12) in base 7?
6340
What is -13333 (base 4) in base 10?
-511
Convert -433 (base 15) to base 3.
-1022010
11220122 (base 4) to base 14
8598
What is -100122 (base 5) in base 7?
-12135
What is -4035 (base 9) in base 6?
-21352
What is 1277a (base 14) in base 10?
45384
What is 302 (base 12) in base 15?
1de
What is 9587 (base 11) in base 8?
30607
Convert 1442033 (base 5) to base 9.
46335
What is 20120021 (base 3) in base 6?
34054
Convert -1671 (base 8) to base 4.
-32321
Convert -213 (base 16) to base 7.
-1356
-1400 (base 7) to base 9
-658
What is 3e7c (base 15) in base 2?
11010001010000
43002 (base 9) to base 10
28433
-10000243 (base 5) to base 7
-443661
-1230 (base 4) to base 5
-413
Convert 12642 (base 7) to base 6.
23443
What is 1054 (base 9) in base 8?
1412
What is -81 (base 10) in base 14?
-5b
What is 6500 (base 7) in base 14?
ba7
What is 10021210220 (base 3) in base 11?
44708
Convert -402033 (base 5) to base 8.
-30740
What is 581d (base 16) in base 9?
33843
What is 101110010 (base 2) in base 6?
1414
What is 20760 (base 8) in base 3?
102220210
What is -1547 (base 14) in base 4?
-323023
Convert -30332 (base 4) to base 11.
-695
Convert 10a61 (base 13) to base 14.
b0a6
What is -2120100202 (base 3) in base 12?
-25318
-10337 (base 9) to base 2
-1101010110110
Convert -177 (base 13) to base 6.
-1123
Convert 42011 (base 5) to base 13.
1340
Convert 605 (base 8) to base 5.
3024
-3418 (base 9) to base 4
-213200
Convert -10202110 (base 3) to base 14.
-dd9
2100 (base 7) to base 10
735
Convert -13236 (base 11) to base 16.
-49e3
What is -16869 (base 13) in base 16?
-a8ae
-53b6 (base 15) to base 6
-214013
Convert 1101000102 (base 3) to base 8.
64550
What is 2130 (base 4) in base 5?
1111
Convert -1211210 (base 3) to base 7.
-3630
What is 2011 (base 8) in base 14?
53b
-220a (base 13) to base 12
-28b2
Convert 100010010010 (base 2) to base 9.
3007
What is 30023020 (base 4) in base 12?
24a34
-33466 (base 9) to base 7
-121611
Convert 10030 (base 8) to base 12.
2474
What is -1de (base 15) in base 12?
-302
What is -14037 (base 9) in base 14?
-3675
-47c (base 15) to base 4
-33321
Convert 19